 + 1 - 3*r + 4*r. What is y(2)?
-7
Suppose -v - 17 = -4*r, -v + 2*r = 3*v + 26. Let i(y) = -5*y**3 + y**3 + 3*y**3 - 6*y**2 + 2 - 6*y. Determine i(v).
7
Let k(f) = -f**2 + 6*f - 5. Suppose -3*z + 6 + 6 = 0. Let w be k(z). Let t(a) = -a**3 - 1 + 0 + a**2 + a + 0*a**w. Calculate t(2).
-3
Let r(c) = c**2 + 11*c + 8. Let l(p) = -3*p - 2. Let u be l(2). Determine r(u).
-16
Let u(y) be the third derivative of 0*y - 9*y**2 + 1/4*y**4 + 0 + 1/60*y**5 - 5/6*y**3. Give u(-7).
2
Let g(z) be the third derivative of z**7/360 + z**6/360 - z**5/120 + z**4/8 + 2*z**2. Let b(h) be the second derivative of g(h). What is b(1)?
8
Let w(z) = 1 + 5*z - 3 - z**2 - 2*z. Let a be 4*(15/3)/10. Determine w(a).
0
Let d = 3 - -2. Let b(y) be the third derivative of y**4/24 + y**3 - 28*y**2. What is b(d)?
11
Suppose -3*s - 3 = -2*s. Let r(y) = -y - 5. Determine r(s).
-2
Let b(c) = c**2 - 5*c - 4. Let g be 3 + 2 - (3 - 1). Give b(g).
-10
Let o(m) be the third derivative of -m**6/120 - m**5/15 - 5*m**3/6 - 10*m**2. Give o(-4).
-5
Let y(x) = -22*x - 6. Let o be y(-5). Suppose -4*t + 5*v = 80, -4*t = 2*v - v + o. Let c be (-1)/(-5) + 130/t. Let w(d) = d + 6. Calculate w(c).
1
Let k(a) = -2*a + a + 4 + 0. Let o be (-9)/5*(-12 - 3). Suppose -5*c + 35 = 3*l, 2*l = -l - 3*c + o. Calculate k(l).
-1
Suppose 9*p - 12*p = -21. Let i(f) = -3*f + 2. Determine i(p).
-19
Let k be 4/66*36 - (-4)/(-22). Let h(d) = d**2 - 3*d - 1. Determine h(k).
-3
Let s = 12 + -9. Let r(i) be the second derivative of -i**4/12 + i**3/6 - 2*i. Determine r(s).
-6
Let y(n) = -2*n**2 - 6*n. Let u(v) = 2 + 1 + 1 - 5*v**2 - 3 - 13*v. Let x(l) = -4*u(l) + 9*y(l). Calculate x(3).
8
Let u(n) = 2*n**2 - 11*n - 34. Let q be u(8). Let a(x) = x**3 - 5*x**2 - 6*x + 6. What is a(q)?
6
Suppose 3 = -f, -3*f = n - 0*f + 5. Let i(q) = -1 - q**2 + 2 - q**2 + q**2 + 5*q. What is i(n)?
5
Let q(l) = -l**3 + 9*l**2 - 9*l + 11. Let b = 26 - 18. Determine q(b).
3
Let v(x) be the third derivative of x**6/120 + 2*x**5/15 - 5*x**4/12 - 13*x**3/6 - 3*x**2. Let t be v(-9). Let q(u) = -u - 2. Calculate q(t).
2
Let i(b) = 0*b**3 - b**3 - 1 - 4*b**2 + 3*b - 1 + 6. Determine i(-4).
-8
Let g be ((-12)/8)/((-1)/2). Suppose l = -5*z - 23, 3*l - 2*z - g = -4. Let r(k) = k**2 - 4. Determine r(l).
5
Let h(u) be the first derivative of 1/3*u**3 - u - 2 - 5/2*u**2. Determine h(5).
-1
Let o(y) = -y**3 - 11*y**2 - 3. Suppose -2*l - 6 = 0, -l = j + 4*l + 26. Let s be o(j). Let t(d) = 4 + 4*d + 0 + d**2 + 5 - 10. What is t(s)?
-4
Let g be (-15)/(-4) + (-2)/(-8). Suppose -z + 3*z = -5*m + 20, -5*z - g*m = -33. Suppose -4*b - 3*v - z = 0, 10 = -4*b + 5*v - 3*v. Let o(a) = -3*a. Give o(b).
6
Suppose 4*g = 20, -5*g - 9 = 2*d - 38. Let s(c) = -c + 2*c - 3*c**d + 4*c - c**3. Let u(f) = f + 2. Let b be u(-6). Give s(b).
-4
Let d(k) = k**2 - 8*k + 3. Suppose 5*r = 9*r - 12. Determine d(r).
-12
Let w(t) = -t**2 - t - 3. Let q be (-3 + (-4 - -4) - -3)/1. What is w(q)?
-3
Let a(i) be the first derivative of -3*i**2/2 + 3*i - 6. Give a(-3).
12
Let u be (-16)/56 + (-19)/7. Let l(t) = 2*t + 5. What is l(u)?
-1
Let o(z) be the third derivative of -z**6/120 - z**5/20 + z**3/2 - z**2. Suppose -11 - 7 = -3*u - 3*j, 0 = 3*u - j - 6. Suppose -2*p + p = u. Give o(p).
3
Let x(r) = 9 + 0 - 2 - r**2 - 4 - 4*r. Let s(z) = 5*z**3 + z + 1. Let i be s(-1). What is x(i)?
-2
Let l(t) = t**3 - 78*t**2 - 4*t + 82*t**2 + 7 + t. Calculate l(-5).
-3
Let m(v) be the first derivative of -1/6*v**4 + 3 + 0*v + 1/3*v**3 + 1/60*v**5 + v**2. Let d(s) be the second derivative of m(s). Give d(2).
-2
Let u(d) = 4*d + 10. Let f(a) = -a - 1. Let s(n) = -8*f(n) - u(n). Suppose -5*v - 3 = 4*o, -2*v = -3*o + v + 18. Determine s(o).
10
Let t(l) = -2120*l**3 + 3*l + 2118*l**3 - 1 - l**2 - 4*l. Let g = -1 + 1. Let a = -1 + g. What is t(a)?
1
Let q(y) = y**2 - y - 1. Let w(z) = -3*z**2 - 3*z + 11. Let b(m) = 4*q(m) + w(m). Determine b(6).
1
Let m(u) be the third derivative of -u**4/6 - u**3/6 + 13*u**2. Calculate m(-2).
7
Let d(n) be the second derivative of 0 + 1/10*n**5 + 0*n**3 + 1/12*n**4 + 0*n**2 - n. Suppose 3*i = 5 - 8. Calculate d(i).
-1
Let n be (-2 + 0)/((-4)/(-6)). Let a be -5*(1 + 3 + n). Let x(s) = -s**2 - 3*s + 7. Calculate x(a).
-3
Let b(m) = -9*m**3 + 2*m**2 + m. Let y(g) = g**2 - 6*g - 1. Let o = -3 + 9. Let x be y(o). What is b(x)?
10
Let z(l) = -l - 2. Let x(c) = c**2 + 1. Let f be x(2). Suppose 9*t - 16 = f*t. Determine z(t).
-6
Let k(f) = 3*f**3 + 5*f**2 - 2*f + 6. Let r(p) = -p**3 - p**2 - p - 1. Let n(h) = k(h) + 2*r(h). Let s be 15/10*(-16)/6. Give n(s).
4
Let t(v) be the second derivative of -v**5/20 - v**4/3 + v**3/3 + v**2/2 - v. Let b = -32 - -30. Calculate t(b).
-11
Suppose 10 = -2*h + 4*h. Let n be (h/(-2))/((-1)/(-2)). Let f(m) = 2*m + 7. Give f(n).
-3
Suppose -4*i - 7 = -5*j, -2*i - i = 5*j - 21. Let q be 2/8 - (-7)/4. Let d(p) = p**q - 2 + 3*p**2 - p**2 + 0*p**2 + p - 2*p**3. Determine d(i).
-4
Let c(h) = 2*h**3 + 2*h**2 - 3*h - 2. Let z(f) = -f**3 + 4*f**2 + 2*f + 2. Let b be z(5). Let k = b + 11. Calculate c(k).
-4
Let a be -2 + (0 + 5 - -1). Let b(w) be the third derivative of w**2 + 1/60*w**5 - 2/3*w**3 + 0 - 1/8*w**4 + 0*w. Give b(a).
0
Let w = 3 - -3. Let u(h) = 5*h**3 + h**2 - 5*h + 4. Let p(f) = -4*f**3 - 2*f**2 + 5*f - 3. Let g(o) = -6*p(o) - 5*u(o). What is g(w)?
4
Let x(p) = -p**3 - 3*p**2 + 3*p - 2. Let s be x(-4). Let q(z) = -4*z**2 + 2*z + 1. Let m(o) = 3*o**2 - o. Let h(b) = s*q(b) + 3*m(b). Determine h(-2).
4
Let w(u) = 6 - 31*u + 8*u**2 - 7*u**2 + 38*u. Let o be (1*-2)/(5/10). Determine w(o).
-6
Let v(c) = -c**3 - 8*c**2 - 5. Let t(d) = d**3 - 5*d**2 + 4*d - 8. Let x be t(4). Give v(x).
-5
Let a = 0 - -3. Let s be (6/(-8))/(10/(-40)). Suppose -a*c = s - 18. Let w(b) = -2*b + 6. Calculate w(c).
-4
Suppose -2*t + 6*t = -5*o + 40, 0 = -4*o + 4*t - 4. Let v(c) = -c**2 + 4*c + 4. Calculate v(o).
4
Suppose -31 = 8*f - 7. Let b(q) = -7 - q + 1 + 3. What is b(f)?
0
Let c(h) be the third derivative of -h**5/30 - h**3/3 + 4*h**2. Suppose 2*d = 5*d + 6. What is c(d)?
-10
Suppose -2*l + 5*l = 9. Let j(u) be the second derivative of u + 1/6*u**l + u**2 + 0. What is j(-3)?
-1
Let w(o) be the second derivative of -o**4/12 + o**3 - 5*o**2/2 + o. Let p be (-12)/(-14)*(-3 + 10). Determine w(p).
-5
Let c(b) = 2*b**2 - 14*b + 8. Let n be c(6). Let y(i) = -i - 6. Let d be y(n). Let m(v) = v + 1. Calculate m(d).
-1
Let f(c) = -2*c + 8*c + 5*c + 2 - 1. What is f(1)?
12
Let p = 7 + -2. Let q(v) = 0 + 18*v + 3 - 6*v**2 + v**3 + 7*v - 20*v. What is q(p)?
3
Let t(f) = -7*f**3 + f. Let n(m) = m**2 - 11*m + 29. Let y be n(6). What is t(y)?
6
Let m(y) be the second derivative of y**3/6 + 4*y**2 + y. Let o be 10/35 + 12/7. Suppose -o*z = 5*l + 20, l = 2*z - 3*l + 2. Give m(z).
3
Let f(a) be the first derivative of a**5/60 + a**4/24 + 2*a**2 + 7. Let x(s) be the second derivative of f(s). Calculate x(0).
0
Let f(h) = -h**3 + 7*h**2 - 1. Let d(t) = -2*t - 12. Let k be d(-10). Suppose m + 0*m - k = -j, m = 2*j - 13. Calculate f(j).
-1
Let w be 5/2 + (-2)/(-4). Let j be ((-4)/(-8))/((-1)/(-8)). Let p(b) = 2 + j + b - 2. Give p(w).
7
Let y(g) = -5*g + 3*g**2 + 4*g**2 + 2 - 2 - g**3. Let r = -2 + 8. Give y(r).
6
Let p(k) = k**3 - 5*k**2 - 7*k + 9. Let l be (-48)/(-26) + (-2)/(-13). Suppose 0 = 2*f - y - 10, l*y = 2*f + 3*f - 26. Give p(f).
3
Let n = -1 - -6. Let y(a) = a**2 - 7*a - 4. Let o be y(8). Let r(b) = -4 + o + b. Calculate r(n).
5
Let j(q) = -q**3 - 5*q**2 + q - 4. Let y(o) = 11*o + 39. Let t be y(-4). Give j(t).
-9
Suppose -5*y - 9 = 4*x, -4*x + 14 = -2. Let h(c) = c**3 + 4*c**2 - 5*c - 6. Give h(y).
-6
Let v(r) = r**3 + 2*r**2 - r - 2. Let d = -33 + 30. What is v(d)?
-8
Suppose 0 = 3*p, 0 = s + 2*p + 5 - 0. Let b(c) be the third derivative of 0 + 5/6*c**3 + 5/24*c**4 + 0*c + 1/60*c**5 - 2*c**2. Determine b(s).
5
Let u(j) = j**2 + j - 3. Suppose 0 = -4*z - 0*z. Calculate u(z).
-3
Let y(x) = x**3 - 5*x**2 + 4*x + 4. Let n(v) = 3*v**3 - 15*v**2 + 11*v + 12. Let c(j) = 4*n(j) - 11*y(j). Determine c(5).
4
Let b(r) be the third derivative of -7*r**5/30 - r**4/24 - r**3/6 + 9*r**2. Give b(-1).
-14
Let m(x) be the first derivative of 4/3*x**3 + 5/2*x**2 - 3*x - 1/4*x**4 + 4. What is m(5)?
-3
Let s(g) = -1. Let p(f) = -3*f - 4. Let v(k) = -p(k) + 5*s(k). Give v(3).
8
Let n(s) = s**3 + 5